Is 10146582833 a prime number?
False
Is 144540601 prime?
True
Is 2126805221 prime?
False
Is 1610554459 composite?
True
Is 1165085297 a composite number?
False
Is 128816669011 prime?
True
Is 106097149 prime?
False
Is 75606840194 prime?
False
Is 2178831293 a prime number?
True
Is 790805453 a composite number?
False
Is 953653291 composite?
False
Is 1902030887 a prime number?
False
Is 4762884557 prime?
True
Is 13253319439 composite?
False
Is 49257795229 a composite number?
False
Is 9458167183 a composite number?
True
Is 20282593519 a prime number?
False
Is 754277387 a prime number?
False
Is 2152469453 composite?
False
Is 658635727 a composite number?
True
Is 1956282253 prime?
True
Is 403309937 composite?
False
Is 1456578251 prime?
True
Is 11930119538 a prime number?
False
Is 139099615883 a prime number?
False
Is 1970753143 composite?
False
Is 1191918449 a prime number?
False
Is 472367587 composite?
True
Is 85544856493 a prime number?
True
Is 4771167991 a prime number?
False
Is 83335157 composite?
False
Is 202867663 a composite number?
False
Is 21873103387 a composite number?
True
Is 3912132347 composite?
False
Is 11740739 composite?
False
Is 103172991491 a composite number?
False
Is 3099155803 prime?
True
Is 189614839 a composite number?
True
Is 1678066979 a prime number?
True
Is 113304533 a prime number?
True
Is 16965903589 composite?
False
Is 405727466 prime?
False
Is 7608876047 a prime number?
False
Is 5089644271 a composite number?
False
Is 473705591 prime?
True
Is 1139593709 a composite number?
False
Is 1244552633 a prime number?
True
Is 10042319119 composite?
True
Is 173205301 prime?
True
Is 261822791 prime?
True
Is 24317506001 a composite number?
False
Is 24758207 composite?
True
Is 1406589473 prime?
False
Is 650236234 prime?
False
Is 11471526793 a composite number?
True
Is 12307178887 prime?
True
Is 17323328647 a composite number?
False
Is 22696814471 prime?
False
Is 10753592957 a prime number?
True
Is 181158755651 a composite number?
True
Is 28447107739 a composite number?
True
Is 19143265511 prime?
False
Is 113084723 composite?
False
Is 1727332081 composite?
False
Is 4451122789 composite?
True
Is 9887194657 a composite number?
False
Is 5710948511 a prime number?
False
Is 69575083009 a composite number?
True
Is 24244083101 a prime number?
False
Is 6403208915 prime?
False
Is 4257489263 prime?
True
Is 991235783 prime?
True
Is 42655981 a composite number?
True
Is 751215419 composite?
True
Is 7645639297 a prime number?
True
Is 18900262343 a composite number?
False
Is 1370920841 a composite number?
True
Is 46495057471 prime?
False
Is 5633707682 a prime number?
False
Is 34773024077 composite?
True
Is 8741497 prime?
False
Is 1447154647 a composite number?
False
Is 67473127 composite?
True
Is 4190379161 prime?
False
Is 36834492505 composite?
True
Is 24457935163 a composite number?
True
Is 70862923 a prime number?
True
Is 32130278231 a composite number?
True
Is 153312105179 a prime number?
True
Is 1517371627 prime?
True
Is 765583022 a composite number?
True
Is 1165866209 prime?
True
Is 8878061819 prime?
False
Is 37201459903 a prime number?
True
Is 68569027 prime?
False
Is 366552737 prime?
False
Is 500574311 prime?
False
Is 90849426011 a composite number?
True
Is 216657457 composite?
True
Is 2455506223 a prime number?
True
Is 2772450341 a prime number?
False
Is 319755967 composite?
False
Is 370228487 a prime number?
True
Is 195144977 prime?
True
Is 22715471 a prime number?
True
Is 657193349 prime?
True
Is 2687865491 a prime number?
False
Is 70387789967 a prime number?
False
Is 679991413 composite?
False
Is 5201019029 composite?
True
Is 367381907 composite?
False
Is 348680531 prime?
True
Is 27252571813 prime?
False
Is 6024873997 prime?
False
Is 31877324411 prime?
False
Is 1597078331 a prime number?
False
Is 25170213715 a composite number?
True
Is 306846803 a composite number?
False
Is 87894378421 prime?
True
Is 360429133 a prime number?
True
Is 5790429047 composite?
True
Is 7129382329 composite?
True
Is 829911517 a composite number?
True
Is 1984771379 a prime number?
False
Is 884586037 prime?
True
Is 36597964583 a prime number?
True
Is 1335336773 a prime number?
True
Is 906615431 composite?
False
Is 823240321 composite?
False
Is 67747373 composite?
True
Is 1400046649 prime?
False
Is 9966200539 a composite number?
False
Is 3818101727 prime?
False
Is 184733771 a composite number?
False
Is 5635936483 a prime number?
True
Is 87063578009 a composite number?
False
Is 201890989 prime?
False
Is 8890202899 composite?
False
Is 19498369097 prime?
True
Is 20730779 a composite number?
True
Is 6878461501 a prime number?
True
Is 4169577649 a composite number?
True
Is 2947365697 prime?
True
Is 3034540111 composite?
False
Is 1119805759 a prime number?
False
Is 12876685 prime?
False
Is 3897537701 a composite number?
True
Is 9067619387 a prime number?
True
Is 978659447 a prime number?
True
Is 7370338379 a prime number?
True
Is 466602569 a prime number?
True
Is 775542259 a prime number?
True
Is 1258473611 composite?
True
Is 2772824533 a composite number?
False
Is 5944426251 a composite number?
True
Is 62423334383 a prime number?
True
Is 704387249 composite?
False
Is 962186411 a prime number?
True
Is 71802550471 composite?
True
Is 219944651 a prime number?
True
Is 285004441 prime?
False
Is 21714561793 prime?
True
Is 515929159 prime?
True
Is 190229699 prime?
False
Is 1141729157 a prime number?
True
Is 360615173 composite?
True
Is 211848618313 a prime number?
False
Is 9471779131 a composite number?
False
Is 2730869059 prime?
False
Is 3104514943 prime?
True
Is 150811159 composite?
False
Is 263166461 composite?
False
Is 145733973023 prime?
True
Is 1507935199 prime?
True
Is 83742480511 prime?
True
Is 1955627519 a composite number?
False
Is 2245984603 a prime number?
True
Is 7400340823 prime?
False
Is 44676708199 composite?
True
Is 104577395397 a composite number?
True
Is 4784713889 a prime number?
True
Is 8867162461 composite?
True
Is 5098890821 composite?
False
Is 5446461211 composite?
False
Is 20626364597 composite?
False
Is 19099412483 prime?
False
Is 1016966851 prime?
False
Is 266200199 a composite number?
False
Is 14958844973 prime?
True
Is 958622771 prime?
True
Is 338510543 a prime number?
False
Is 23858576741 a composite number?
True
Is 6863697481 a prime number?
False
Is 13999717477 prime?
True
Is 6138228469 a prime number?
False
Is 411852049 a composite number?
True
Is 3387661663 a prime number?
True
Is 496141067 prime?
True
Is 254065177 composite?
True
Is 8906632313 composite?
True
Is 2159541413 prime?
False
Is 2773783073 a composite number?
False
Is 8361749569 prime?
True
Is 18460184371 a prime number?
True
Is 140956567 prime?
True
Is 38760477401 prime?
True
Is 2250261259 a composite number?
False
Is 4010584953 a composite number?
True
Is 1756436419 composite?
False
Is 58562914499 prime?
False
Is 1447856173 composite?
True
Is 9688010747 a composite number?
False
Is 3721420559 a prime number?
True
Is 3394968407 prime?
True
Is 8226209357 composite?
True
Is 16861770889 prime?
True
Is 8117838797 prime?
True
Is 100387787 prime?
False
Is 597487157 prime?
False
Is 623067467 composite?
True
Is 108916813583 composite?
False
Is 13153858351 a composite number?
False
Is 6881507211 a composite number?
True
Is 13812116077 a prime number?
True
Is 15240974231 a composite number?
True
Is 3038711329 a composite number?
True
Is 167127437 prime?
False
Is 2973429127 a prime number?
True
Is 25578871 composite?
True
Is 282474337 composite?
False
Is 39982856981 prime?
True
Is 2004618779 prime?
False
Is 75038147 prime?
False
Is 3824516887 composite?
False
Is 143027175851 a composite number?
True
Is 2616173869 prime?
True
Is 3467449567 a composite number?
False
Is 1855668523 a prime number?
False
Is 505451057 a prime number?
False
Is 10676096141 a composite number?
False
Is 512166857 composite?
False
Is 1065334891 prime?
False
Is 8949869 a composite number?
False
Is 252877979 a prime number?
True
Is 19822877 composite?
False
Is 3114475417 a composite number?
True
Is 29515780787 composite?
True
Is 2877001651 a composite number?
False
Is 17268843521 a composite number?
False
Is 96395332213 a composite number?
True
Is 7552977149 a composite number?
False
Is 2086011635 prime?
False
Is 202